se -3*a + 3*c + 72 = 0, -4*a + 5*c = 2*c - 97. Suppose -5*b + 5*d - 129 = d, d - a = b. Let q = 61 + b. What is the highest common divisor of 4 and q?
4
Suppose 2*k - 335 = 127. Suppose 2 = o + 1. Let m be o + (-1 - -2) + 19. What is the greatest common factor of k and m?
21
Let v = -3 + 7. Suppose 5*y - 4*q = 19 + 53, -2*q = 5*y - 84. Suppose v*r = 12, -h = -3*h + 4*r + y. What is the greatest common factor of 35 and h?
7
Suppose -2*c + 11 = 1, -47 = -4*j + 5*c. Let n = j - 11. Let t = -132 + 188. What is the highest common divisor of t and n?
7
Suppose -2*n - 6 = 0, i + 3 = 2*n - 4*n. Suppose -j + 106 = 5*m, -i*j + 4*m + 374 = -1. Calculate the greatest common factor of 11 and j.
11
Let c(z) = z**3 + z**2 + z + 18. Let y be c(0). Let f = -12 + y. Calculate the highest common factor of f and 2.
2
Suppose -t + 42 = -0*t. Let l be (4 + -2)*-1*-3. Calculate the highest common factor of l and t.
6
Let s(k) = -k**2 + 5*k + 3. Let o be s(5). Suppose 2*x = -z - 6 + 34, -5*z - o = -x. Calculate the highest common factor of x and 26.
13
Let c(a) = -a**3 + 4*a**2 + 3*a - 2. Let t be c(4). What is the highest common divisor of 40 and t?
10
Let r(z) = -z**3 + 11*z**2 + 15*z + 4. Let o be r(12). What is the greatest common divisor of o and 20?
20
Let i = 94 + -87. Calculate the highest common factor of 28 and i.
7
Suppose 30 = 4*r + 90. Let c = -7 - r. What is the greatest common factor of 32 and c?
8
Suppose -2*z + 479 = 181. Suppose -5*m + 4*t + z = 3, 0 = -2*m + 3*t + 64. What is the greatest common factor of m and 13?
13
Suppose -d = -x - 58, 0 = d - 5*d - 2*x + 202. What is the greatest common factor of d and 106?
53
Suppose -2*y = -4*g - 184, -2*y + 2*g - 7*g + 166 = 0. Let d(p) = p**3 + 5*p**2 - 8*p - 4. Let c be d(-6). Calculate the greatest common factor of y and c.
8
Let v be 106 - -2*(0 - -1). Let d(b) = -b**3 + 8*b**2 - 3*b - 4. Let o be d(4). Suppose -2*y - o = -6*y. What is the greatest common divisor of v and y?
12
Let j(w) = -w + 9. Let u be j(3). What is the highest common factor of u and 12?
6
Let w be (-34)/((3/(-1))/(-18)). Let d be w/(-10) - (-12)/(-30). What is the greatest common divisor of d and 220?
20
Let c = -67 + 142. Calculate the highest common divisor of 15 and c.
15
Let m be 18/(1/(0 - -1)). Suppose 0 = 3*w + 5 + 1. Let k be 1/w - 182/(-4). What is the greatest common factor of k and m?
9
Suppose -5*x + 27 - 7 = 0. Suppose -x = -2*d - 2*d. Let w = 9 - 4. Calculate the greatest common divisor of w and d.
1
Suppose -2*h = h - 54. Suppose 0*q + 108 = 3*q. What is the greatest common factor of q and h?
18
Suppose 5*o = 5*x - 35, -12*o + 11*o - 47 = -5*x. Calculate the greatest common factor of x and 130.
10
Suppose 8 = v - 1. Let s = -237 - -81. Let o = -111 - s. What is the greatest common factor of o and v?
9
Let b(x) = 6*x + 1 + 5*x - 35*x. Let k be (1*-1)/(3/6). Let i be b(k). What is the greatest common factor of i and 7?
7
Let s = 63 - 25. Suppose 2*a - s = -3*q, 5*q - 61 = 3*a + 34. What is the greatest common factor of q and 80?
16
Let w = -12 + 23. Let j = 15 - w. Suppose -70 = -j*r + 4*s + 14, 3*s + 107 = 5*r. Calculate the greatest common divisor of r and 242.
22
Suppose -33 = -4*m + 3*s + 11, -3*m = 5*s - 33. What is the greatest common factor of m and 1?
1
Suppose 0 = 206*p - 211*p + 10. Let t = -7 + 12. What is the highest common factor of t and p?
1
Let w = -31 - -75. Calculate the highest common factor of 11 and w.
11
Let s be (11 + -3)/((-2)/(-4)). Suppose -3 - 13 = -4*a. Let y = -2 + a. Calculate the highest common factor of y and s.
2
Let d be 2 + 38 - (1 - 0). Let f(t) = t**3 - 8*t**2 + 6*t - 3. Let p be f(6). Let k be p/(-6)*1*2. What is the highest common factor of k and d?
13
Suppose -j = 4*j - 60. Let n(r) = r - 1. Let z be n(4). Let p be 2 + 1 + 43*z. Calculate the highest common factor of p and j.
12
Let h be (-1)/(-4) - 45/(-12). Let x be 2/(-6) + (-61)/(-3). What is the greatest common factor of h and x?
4
Let m = 141 - 51. Calculate the highest common divisor of 36 and m.
18
Let a(p) = -p + 11. Let m be a(4). Suppose 0 = 2*l + 2*l + 12, 2*l = 4*w - 314. Calculate the greatest common divisor of w and m.
7
Suppose -g + 24 = 2*k - 6*g, -13 = -3*k - 4*g. Calculate the highest common factor of 119 and k.
7
Suppose 5*g - 4 - 1 = 0. What is the greatest common factor of 10 and g?
1
Let y(a) = -7*a - 4 + 2*a + 4*a**3 - 2*a**3 + 2*a - 5*a**2. Let d be y(4). What is the highest common divisor of d and 4?
4
Let i(j) = -4*j**3 + j**2 + 2*j - 3. Let s be i(2). Let g = s - -29. What is the highest common divisor of g and 10?
2
Suppose 3*x = -2*c + x + 8, 5*c - 3*x - 4 = 0. Let s be (12/5)/(6/20). Calculate the highest common divisor of c and s.
2
Let x be (-6)/(-9)*(-18)/(-4). Suppose -5*o + 17 - 58 = -4*y, 27 = x*y - 3*o. What is the highest common factor of 36 and y?
4
Let u = -19 + 13. Let o(r) = 4*r**3 + r**2 + 1. Let h be o(-2). Let c be 3/u*(h + 1). What is the greatest common factor of 65 and c?
13
Let b(h) = -h + 11. Let s be b(9). Suppose 0 = -3*u - s*k - 1 + 7, -5*k = 0. What is the highest common divisor of u and 22?
2
Let w be (-1 - 41/1) + -3. Let p be ((-4)/5)/(6/w). Calculate the highest common factor of p and 6.
6
Suppose 0 = 4*f - 9 - 19. Let t be (f/(-5))/((-1)/5). What is the highest common factor of 28 and t?
7
Let n(y) = -5*y + 1. Let t be n(1). Let h be (-1)/t - (-1935)/4. Suppose -5*w = 2*g - h, 5*g + 74 = w - 12. What is the highest common factor of w and 12?
12
Let k(d) = -6*d - 1. Let u be k(-1). Suppose -g + u = -3. What is the greatest common factor of g and 64?
8
Let d(q) = -q**2 - 2*q + 5. Let h be d(-6). Let z be 1*64 + 9/3. Let t = h + z. Calculate the greatest common factor of t and 6.
6
Let x(p) = 3*p**2 + 21*p + 6. Let o be x(-10). What is the greatest common factor of o and 32?
32
Let a = -2 - -1. Let m = 3 - a. Suppose m*t = -2*u + 108, 0 = 4*t + 24 - 4. Calculate the highest common divisor of u and 16.
16
Suppose 4*k = 3*l - 4*l - 96, -5*k + 3*l - 120 = 0. Let u = k - -41. What is the greatest common divisor of 136 and u?
17
Suppose -36 = -5*m - 11. Suppose m*c - 12 = c. Calculate the greatest common factor of 27 and c.
3
Suppose -22*i - 112 = -26*i. Calculate the highest common divisor of i and 364.
28
Suppose -7*p + 4*p = -288. Suppose 4*o - 40 = 4*b, 7 + 1 = 4*b. Calculate the highest common divisor of p and o.
12
Suppose 2*k - 35 = 5*l + 14, -l - 3 = 0. Suppose -5*c = i + 46, i + 19 = 2*c - 27. Let d = -29 - i. Calculate the greatest common factor of k and d.
17
Let y(o) = o**3 - 3*o + 3. Let l be y(3). Let c = 42 + 63. What is the highest common factor of l and c?
21
Let f(z) = 13 - 11*z**2 + 6*z + 11*z - 5*z - z**3. Let n be f(-12). What is the greatest common divisor of n and 13?
13
Let b be ((-20)/(-8))/((-10)/(-8)). Suppose -b*x + 98 = -2*u, 8*x - 3*x + 3*u = 285. Calculate the highest common divisor of 6 and x.
6
Let q be (-3)/(-9)*0/1. Suppose 0 = 3*y - q*y. Suppose y = -4*x + 22 + 14. What is the greatest common factor of x and 45?
9
Let x be 4 - (-3 + 3 - 0). Suppose 4*b - 37 = -6*z + z, -x*b - z = -17. What is the greatest common divisor of 24 and b?
3
Let i be (11/2)/((-2)/(-4)). Calculate the highest common factor of 55 and i.
11
Suppose -6*j - 8 = -3*j + l, 2*l = 3*j + 2. Let k be (22/6 + j)*3. Suppose 2*i + 11 - 1 = u, 24 = u + k*i. What is the highest common factor of u and 70?
14
Suppose -c + 496 = 3*c. Calculate the highest common factor of 31 and c.
31
Let f be (-33)/(-12) + (-3)/(-12). Suppose f*n = 10 + 2. Let d be ((-9)/(-2))/(n/72). What is the highest common divisor of d and 9?
9
Let s(l) = l**3 - 3*l + 18. Let t be s(0). What is the greatest common factor of 72 and t?
18
Let i be (3 + -7 + 2)*-1. Suppose 0 = -5*g + 5*z + 5, i*g - 5*z + 1 + 0 = 0. Calculate the highest common factor of g and 4.
2
Let l = -2 + -3. Let d be ((-6)/5)/((-1)/l). Let w(i) = i**3 + 7*i**2 + 2*i - 6. Let v be w(d). Calculate the greatest common factor of 45 and v.
9
Let c be (-1276)/(-6)*1*-3. Let r = -429 - c. Calculate the highest common divisor of 19 and r.
19
Let g = 3 - 2. Let y be (-2)/((-2)/g) + 8. Suppose -u + 30 = 4*u. Calculate the highest common factor of u and y.
3
Suppose 0 = 2*n + g - 9 - 4, 5*g = 5*n - 40. What is the highest common factor of 49 and n?
7